t is the thousands digit of l?
9
Suppose -21*r - 164658 = 71676. What is the units digit of r/(-14) - 39/(-273)?
4
Suppose -6802080 = -19*j + j - 78*j. What is the tens digit of j?
5
Let w = -55 + 59. Suppose -4*i - 28 = 3*s, 6*i = w*i - 5*s. What is the units digit of (-44)/10 + 4 - 744/i?
4
Let z(q) = 5*q**2 + 5*q + 9. Let n be z(7). Let v(t) = 16*t - 277. Let s be v(12). Let d = n + s. What is the tens digit of d?
0
Suppose -6*r - 11340 = -13*r - 21*r. What is the units digit of r?
5
Let j be ((-8)/(-6))/((-4)/(-12)). Suppose j*d - 124 = 4*t + 900, -t - 511 = -2*d. What is the tens digit of d?
5
Let h(r) = -283*r - 694. What is the thousands digit of h(-11)?
2
Let g be 5 - -6*(-5)/90*15. Suppose -4*l - 5*p + 1820 = g, -8*l = -12*l + 4*p + 1820. What is the units digit of l?
5
Let y(m) = -408*m + 154. Let f be y(-4). Let t = -482 + f. What is the units digit of t?
4
Suppose 0 = 40*p - 105 - 95. Suppose 4*r = v - 276, -p*r = 33*v - 34*v + 281. What is the hundreds digit of v?
2
Let h = 30906 + -12580. Suppose 68*q + h = 90*q. What is the hundreds digit of q?
8
Let z = 38986 - 13142. What is the tens digit of z?
4
Let d = -302 - -305. Suppose -d*y - 6946 = -26*y. What is the units digit of y?
2
Let x be (3 - (5 - -136))*(-14 - 0). Suppose 0 = -15*l + 453 + x. What is the hundreds digit of l?
1
Suppose -4*z = -6 - 2. Suppose -5*h - 5*c = -70, 3*h - z*c = 33 - 1. Suppose -8*g - h + 596 = 0. What is the units digit of g?
3
Let p(s) = -2*s**3 + 3*s**2 + 6*s + 26. Let b be p(-5). Suppose 0 = b*j - 311*j - 9440. What is the tens digit of j?
4
Let b(z) = -277*z - 19280. What is the thousands digit of b(-114)?
2
Suppose -36 = 5*a - 14*a. What is the units digit of (a + -6)/(2264/(-1131) - -2)?
1
What is the thousands digit of ((-1116)/(-96))/(-31)*2/3*-24188?
6
Let d be 58 - ((-10)/(-25) - 12/5). Let o = d - -738. What is the units digit of o?
8
Suppose -n - 498*a + 43774 = -499*a, n + 4*a - 43809 = 0. What is the tens digit of n?
8
Let z(w) = -10*w**3 - 22*w**2 - w + 31. What is the units digit of z(-10)?
1
Suppose 5*o + 220 = -4*y - 1045, 3*o - 5*y = -722. Let z = o + 405. What is the tens digit of z?
5
Let k = -7742 - -14178. What is the hundreds digit of k?
4
Suppose 31*u - 227868 = -20*u. What is the thousands digit of u?
4
Let f be 156 - (-5 + (-1 - -4)). Suppose q + 4*q + 375 = 0. Let n = f + q. What is the units digit of n?
3
Let b(k) = 2*k**3 - 163*k**2 - 194*k + 228. What is the hundreds digit of b(85)?
3
Suppose 33496 = -5544*v + 5552*v. What is the units digit of v?
7
Suppose 17*y - 20*y + 22508 = -2*d, -d - 15004 = -2*y. What is the units digit of y?
0
Suppose 25*w = 7*w + 72630. Suppose -2*a = -2, 4*a + w = 5*z + 9*a. What is the units digit of z?
6
Let t = 3691 - -2469. What is the tens digit of t?
6
Let f = -685 - -694. Suppose 781 = -f*d + 3580. What is the units digit of d?
1
Let a be 1*3 - (6 + 14/(-2)). What is the hundreds digit of 9/6*(a - 798/(-9))?
1
Let z be (-96)/2*8/(-12). Let k = -20 + z. What is the hundreds digit of 884/6 - 7/((-126)/k)?
1
Let q be (240/(-75))/(0 + (-1)/15). Suppose q*s = 35*s + 6227. What is the units digit of s?
9
Let f be ((-1)/(-1))/(3/(15 + 0)). Suppose -j + 409 = 5*s, -f*j + s = -j - 1720. What is the units digit of j?
9
Let i(m) be the first derivative of -139*m**2 + 19*m - 73. What is the hundreds digit of i(-3)?
8
Let q = -47 + 50. Suppose 5*o + 309 = 2*r, -r = -q*o - 7 - 150. Let c = -53 + r. What is the units digit of c?
9
Suppose 3*j - 2278 = -w, w = -3*j - 3*w + 2263. Suppose x - 786 = 2*m, -15*m = -x - 18*m + j. What is the tens digit of x?
7
Let b(n) = -10*n**3 - n**2 + 16*n + 13. Let a be b(-4). Suppose -4*c + 1383 = -5*y, -2*c = -3*y - 120 - a. What is the units digit of c?
2
Let i = -11 + 64. Let t(r) = 49*r**2 + r - 1. Let f be t(1). Suppose -i*x + 652 = -f*x. What is the tens digit of x?
6
Suppose 5*n = 1 + 19. Suppose 0*t + n*t - 29 = -h, h + 3 = 0. Suppose -140 + t = -3*r. What is the tens digit of r?
4
Suppose -21400 - 13163 = -7*v - 3252. What is the units digit of v?
3
Let x(r) be the second derivative of -3*r**5/20 - 5*r**4/6 - 5*r**3/6 - 13*r**2/2 - 4*r + 1. What is the units digit of x(-8)?
3
Suppose 2*g - 4*l = 5458 + 2006, -14978 = -4*g - 2*l. What is the units digit of g?
2
Suppose -23 + 29 = 2*t. Suppose t*i + 17 = -484. Let w = i + 342. What is the units digit of w?
5
Let i be (17/4)/(10 + (-287)/28). Let j(g) = -g**3 - 17*g**2 - 22*g - 4. What is the hundreds digit of j(i)?
3
Let a = -664 + 402. Let f = 419 - 792. Let o = a - f. What is the tens digit of o?
1
Let z(c) = -4*c**3 - 2*c**2 - 14*c + 16. Let p(w) = -6*w**3 - 2*w**2 - 13*w + 16. Let x(y) = 4*p(y) - 5*z(y). What is the units digit of x(-5)?
4
Suppose 0 = -3*t - 3*a + 7 + 14, -38 = -2*t + 4*a. Let x(f) = t*f + 9 - 11 - 7 - 7. What is the tens digit of x(9)?
8
Suppose 483*k - 934329 = 460*k. What is the tens digit of k?
2
Let g = 66 - 10. Suppose 4*q - g + 48 = 0. Suppose 4*s - 24 = -5*d + q, -d + 11 = -5*s. What is the units digit of d?
6
Let j(w) be the first derivative of 3*w**2/2 + 26*w - 30. Let q be j(-8). Suppose -10 = -2*f + 3*h, q*h = -h. What is the units digit of f?
5
Let k be (-4 - -9)*4/10. Suppose -68 + 562 = k*a. What is the units digit of (-4)/(4/(-1))*a?
7
Let h(u) = 22*u**2 - 4*u + 2. Let x be ((-90)/(-27))/(2 + (-4)/3). Suppose -4*z + x = l, 2*l - 5 = -3*z - 0*z. What is the units digit of h(z)?
0
Suppose 0*d = -30*d + 100500. Suppose -13*i - d = -10786. What is the hundreds digit of i?
5
Let p(h) = 585*h + 2090. What is the thousands digit of p(14)?
0
Suppose 1 + 4 = 5*d, 4*p - 21 = 3*d. Let x be (-1689)/(-3) - (4 - p). Suppose 788 = 11*u - x. What is the hundreds digit of u?
1
Suppose -53*i + 58*i = d - 61, 3*i = -2*d + 70. Suppose 0 = 2*o + 4*h - 237 - d, o = 2*h + 139. What is the hundreds digit of o?
1
What is the thousands digit of 348912/(-180)*5/(-2)?
4
Suppose -5*p - 3 = -r, 4*r + 3*p - 6 = -17. Let o be ((-16 - r) + 0)*6/(-7). Suppose -15*f = -o*f - 357. What is the hundreds digit of f?
1
Suppose -2317 = -0*d + 7*d. Let p = d + 863. What is the hundreds digit of p?
5
Suppose 28*a = 284672 - 99648. What is the thousands digit of a?
6
Let o(p) = 322*p - 501. What is the tens digit of o(30)?
5
Suppose -c - 5*i + 7234 = 0, 0 = 37*c - 35*c - 2*i - 14480. What is the thousands digit of c?
7
Suppose 0 = -3*p + s + 7, 2*p - 2 = -2*s + 8. Suppose -p*r + 8*r = -4*d - 18, 3*d + r + 19 = 0. What is the tens digit of 10*5 - (6 + d)?
5
Let l be 34/119 - (120/(-21) - 1). What is the hundreds digit of (7/2)/l*(1786 + 2)?
8
Suppose 11*t - 384 = 5*t. Suppose r - 353 = -t. What is the hundreds digit of r?
2
Let t be ((-2)/4 - -2) + 10/(-4). What is the hundreds digit of t*2 + (-10 - (0 + -618))?
6
Let g = -4521 + 11318. What is the thousands digit of g?
6
Suppose -229*l - 606 = -235*l. What is the hundreds digit of l?
1
Let c be (-2)/5 + (9 - (-5292)/30). Let f = c + 179. What is the tens digit of f?
6
Suppose 32*a - 891044 = 1046812. What is the ten thousands digit of a?
6
Suppose 15*i - 18*i = -8595. Let t = i - 4169. What is the tens digit of t/(-10) - (-8)/(-20)?
3
Let q be (6 + 33/(-6))*1332. Suppose 13*t - 2421 = -q. What is the tens digit of t?
3
Suppose 5*m = -5*c + 10 + 10, -4*m = c - 4. Let o(k) = 53*k + 587. Let q be o(-11). Suppose -3*i + q + 2 = m. What is the units digit of i?
2
Let j(l) = 461*l + 1308. What is the units digit of j(17)?
5
Let d = -13 - 29. What is the units digit of (-10)/6 + (-24808)/d?
9
Let h = -4639 + 10003. What is the thousands digit of h?
5
Let t be -503 - -1 - ((-6 - -3) + 5). Let o = t + 1557. What is the tens digit of o?
5
Let g = -145 + 145. Let z(q) = -8*q**3 + q**2 - 2*q - 2. Let p be z(-4). Suppose -t = v - 2*v + 179, g = 3*v - 4*t - p. What is the units digit of v?
2
Suppose 4*o + 1731 = -13*h + 18*h, 2*h + 423 = -o. Let r = o + 898. What is the hundreds digit of r?
4
Let a(u) = 47*u**3 + 3*u**2 - 2*u - 2. Let n be a(2). Let b = n - -176. What is the tens digit of b?
5
Let t(z) = z**2 + z + 1. Let v(x) = -61*x**3 - 2*x - 3. Let y(o) = -2*t(o) - v(o). Let b(m) = -2*m - 5. Let n be b(-3). What is the tens digit of y(n)?
6
Suppose 6*w = -w + 21. What is the units digit of 2 + 79 - 1*(w + -8)?
6
Let r(q) = 37*q**2 - 16*q + 113. What is the hundreds digit of 